c be (-39)/(-117)*24/(-2). List the prime factors of (-11 + 9)/(c/78).
3, 13
Let k(x) = x**2 + 10*x + 30. Let a be k(-6). Suppose a*g = -330 + 11394. What are the prime factors of g?
2, 461
Let g = -1291 - -2703. Suppose -53*u + 49*u + g = 0. List the prime factors of u.
353
Let t(d) = -d**3 - 13*d**2 + 33*d + 12. Let i be t(-15). Let c = i - -37. List the prime factors of c/(-18) + (3 - 1829/(-9)).
2, 103
Let t = 12248 - 8185. What are the prime factors of t?
17, 239
Let t(j) be the second derivative of 94*j**5/5 + j**4/6 - j**3/6 + 52*j. What are the prime factors of t(1)?
13, 29
Let b(z) = -2*z**2 - 74*z - 24. Let x be b(-33). Suppose s = -3*s + x. List the prime factors of s.
2, 3, 5
Suppose 12 = 5*a - 18. Suppose 4*c + 2 - a = 0. Suppose 0 = -2*w + 69 + c. What are the prime factors of w?
5, 7
Let b = 277 - 192. Suppose t - b + 32 = 0. Suppose 2*o + 35 = t. What are the prime factors of o?
3
Suppose -12*d + 12 = 0, -6*g - 2*d = -7*g + 51733. List the prime factors of g.
3, 5, 3449
Let i = 105 - 6. Suppose -4*a + 19 - i = 0. Let m = 46 + a. What are the prime factors of m?
2, 13
Let v = 1075 - -2694. List the prime factors of v.
3769
List the prime factors of (3 + (-111566)/70)/(1*(-3)/45).
2, 3, 41, 97
Let n = 364 + -80. Suppose 3*r - n - 856 = 0. List the prime factors of r.
2, 5, 19
Let s be (-8)/(-10)*210/(-12). Let h = -16 - s. What are the prime factors of 2/(0 + h) - -13?
2, 3
Suppose 12701 - 18606 = -6*c + 42923. What are the prime factors of c?
2, 13, 313
Suppose 6*r - 24*r + 774 = 0. Suppose 9*f + w + 181 = 13*f, -f + w = -r. List the prime factors of f.
2, 23
Let n(l) = l**2 + 7*l + 2. Let m(y) = -3*y + 17. Let q be m(8). Let g be n(q). Suppose 3 = -f + g*f. What are the prime factors of f?
3
Suppose 657*i = -4*m + 661*i + 22828, 0 = m - 3*i - 5697. List the prime factors of m.
2, 3, 7, 17
Let g = -31385 - -3874. What are the prime factors of g/(-122) - (1 - (-6)/(-4))?
2, 113
Suppose -50 + 4 = -23*g. What are the prime factors of (g/5)/((-2)/(-4705))?
941
Let z = -29 - -29. Suppose z*t + t = 2*q + 575, 5*t + 2*q - 2935 = 0. Suppose -5*i - 220 = -t. What are the prime factors of i?
73
Let d = -657 + 650. List the prime factors of -8*5/70*d.
2
Let a(y) = -1 + 7*y - 3 - 2 - 28*y. Let x be a(-6). Suppose 14*c = 15*c - x. What are the prime factors of c?
2, 3, 5
Suppose 4*j + 94 = 122, j - 60423 = -4*n. What are the prime factors of n?
2, 59
Let k = -163 - -153. List the prime factors of (-3905)/k - (8/4)/4.
2, 3, 5, 13
Let a(p) = 83*p + 6. Let c(b) = 291*b + 21. Let i(k) = 18*a(k) - 5*c(k). Let h be i(1). Let v = h + -22. What are the prime factors of v?
2, 5
Let u be 58/4 - 1/2. Let v = -11 + 15. Suppose -v*s + 82 + u = 0. List the prime factors of s.
2, 3
Suppose 4*c - 5*i + 39 = -46, -2*c = 4*i + 10. Let x be (20/c)/((-2)/12*2). Suppose -3*r - 3*b = 0, -2*r + x*b = -0*b - 12. List the prime factors of r.
2
Let d be ((-3)/1)/(4 - (7 - 2)). Suppose 16*g - n - 733 = 13*g, -d*g + 748 = 2*n. List the prime factors of g.
2, 3, 41
Let t = 73 + -71. Suppose 2*i = t*p + 1012 + 524, -2*i + 1556 = 3*p. List the prime factors of ((-42)/(-33))/(-7) - i/(-11).
2, 5, 7
Suppose 175*j - 152*j - 410780 = 0. List the prime factors of j.
2, 5, 19, 47
Suppose -1073*o + 1077*o = -4*l + 68980, l - o - 17237 = 0. List the prime factors of l.
3, 7, 821
Let n be 4/(-6) + (-267)/(-9). Let x = -903 + 1786. Suppose 12*j - x = n. List the prime factors of j.
2, 19
Let u(q) = -q**3 - 4*q**2 + 12*q + 5. Let l be u(-6). Suppose 4*d - 4*w + 983 = -w, 5*w + 1220 = -l*d. Let y = d - -544. List the prime factors of y.
13, 23
Suppose -2*r - 8*x = -7*x + 39, -63 = 3*r + 3*x. Let n be (714/r)/(-7) - 2/(-6). List the prime factors of (-3 - (-22)/n) + 1024/12.
2, 43
Let n be (39/(-18))/(-13) + 6/(-36). Suppose -18*c = -n*c - 342. List the prime factors of c.
19
Let g be (-8)/36 - (200/(-18))/(-4). Let p be (-38)/((2/g)/((-2)/6)). Let a = 22 - p. List the prime factors of a.
41
Suppose 113*d - 96*d - 119595 = 0. List the prime factors of d.
3, 5, 7, 67
Let v(s) = -6*s - 12. Let w be v(-3). Let y(n) = w - 7 + 8 - n. What are the prime factors of y(-7)?
2, 7
List the prime factors of 5393 - -5 - (25 + -36).
3, 601
Let c = -1081 - -1029. Suppose 2*h = 6*h + 140. Let n = h - c. List the prime factors of n.
17
Let y(b) = -b**3 + 48*b**2 + 15*b + 171. List the prime factors of y(39).
3, 5, 107
Let y be (64/20 + -4)/(12/30). What are the prime factors of (-18)/(-48) + y/(48/(-9831))?
2, 5, 41
Let c(l) = -23*l + 1. Let w = 17 - 30. Let j be c(w). Suppose 5*h - j = 5*z, z = 4*z - 12. List the prime factors of h.
2
Let l(f) be the third derivative of 73*f**5/60 + f**4/24 + f**3/6 + 9*f**2. Let w be l(-1). Let n = w + -55. What are the prime factors of n?
2, 3
Let t(c) be the third derivative of -c**6/120 + c**5/30 + c**4/24 + 44*c**3/3 + 8*c**2. List the prime factors of t(0).
2, 11
Let w be 4/(-18) - 99/(-81). Let a(t) = -11*t**3 + t**2 - 1. Let p be a(w). What are the prime factors of 1/((-2)/(-4)) - (-139 + p)?
2, 19
Let k(p) = -p**3 - 19*p**2 - 20*p - 8. Let j be k(-9). Let a = -395 - j. Let c = 510 - a. List the prime factors of c.
3, 89
Suppose 39715 = 2*w - n, -102*w - n + 79427 = -98*w. What are the prime factors of w?
3, 6619
What are the prime factors of (-1*3 + (-1 - -3))/((-9)/37242)?
2, 2069
Suppose -4*k + 4*b + 20320 = 0, 0 = -3*b - 17 + 38. List the prime factors of k.
5087
Suppose 5*r - 25 = 0, 0 = -5*f - 2*r - 0*r + 40. Let k be (-1 - -182)/(8/6*94/376). Suppose f*g = -87 + k. List the prime factors of g.
2, 19
Let n(m) = 1321*m**2 - 17*m - 6. List the prime factors of n(-2).
2, 83
Let s(c) = -c**3 - 5*c**2 - 2*c - 19. Let v be s(-6). Suppose 0 = 2*o - 1 + v. What are the prime factors of (51 - 4 - -2)*(-24)/o?
2, 3, 7
Let n(f) = f**3 - 40*f**2 - 22*f - 34. Let t be (5/(-25))/(12/(-2460)). List the prime factors of n(t).
5, 149
Let h(i) be the first derivative of 3*i**2/2 + 37*i - 26. Let k be h(6). Suppose k = 3*b + 2*b. What are the prime factors of b?
11
Let d be (-7)/((-21)/(-36)) - (10 + -10). What are the prime factors of (-597)/d*9 + 3/12?
2, 7
Let b(a) = -75*a + 54. Let g(w) = w + 15. Let i be g(-13). Let d(u) = 37*u - 27. Let o(z) = i*b(z) + 5*d(z). List the prime factors of o(5).
2, 37
Let y(k) = -8*k - 10. Let b be y(-4). Suppose 10*z = b*z - 36. Suppose 3*h - h + 4*t - 290 = 0, h - 150 = -z*t. What are the prime factors of h?
3, 5
Suppose 3*s - 3*u = 6807, -6*u + 5*u - 4538 = -2*s. What are the prime factors of s?
2269
Suppose -3*w + 22*u + 546 = 25*u, 0 = -5*w + 5*u + 900. What are the prime factors of (w - 0)/((-53)/(-159))?
3, 181
Let m(b) = -2*b**3 + 3*b**2 - 4*b + 2. Let j be m(1). Let r be 116 + j/((-2)/6). Suppose 0 = 4*q - 177 - r. What are the prime factors of q?
2, 37
Let g(o) = -2*o**3 - 7*o**2 - 3*o - 16. Suppose -4*h - 3*b + 7 = 3, -3*b = h + 8. Suppose -32 = h*x - 12. What are the prime factors of g(x)?
2, 37
Let q = 37703 + 44579. List the prime factors of q.
2, 41141
Suppose -i = k + 2, 4*k - 4 = 2*i - k. Let f be (-417)/(-3) - (1 + 1 + i). Suppose 2*v - 27 - f = 2*t, t - 322 = -4*v. What are the prime factors of v?
3
Let z(q) = -2*q**3 - 4*q**2 - 1. Let l(m) = m**3 + 4*m**2 - m + 2. Let o(t) = 2*l(t) + 3*z(t). Let n be o(-1). What are the prime factors of (1*-10)/(n/(-18))?
2, 3, 5
Let k(p) = 11*p**2 - 5*p - 22. Suppose 2*g = -47 + 41. What are the prime factors of k(g)?
2, 23
Suppose 7*y = -3*v + 3*y, -2*y = -v. Suppose v = -5*z + 3*m + 89 + 123, -2*z - 3*m + 89 = 0. What are the prime factors of z?
43
Suppose -5*t - 11533 = -t - 5*r, -5759 = 2*t - r. Let m = t - -4379. List the prime factors of m.
2, 751
Suppose 15*p = 17*p - 2. Let l(z) = -4*z**2 - 3*z + 3. Let c be l(p). List the prime factors of ((-36)/c)/(3/32).
2, 3
Let p be (9 + (-644)/(-21))/(2/6). Suppose 2*t + 2*c - 1212 = 0, -t + p = -2*c - 502. List the prime factors of t.
13, 47
Let p = -894 - -879. Let v(x) = -62*x - 143. What are the prime factors of v(p)?
787
Let l(p) = 177*p + 13. Let i be l(-2). Let r = i + 592. What are the prime factors of r?
251
Suppose 0 = -2*o + 76*z - 72*z + 5968, -3*z = -3*o + 8970. List the prime factors of o.
2, 7, 107
Let f(i) = -16*i - 39. Suppose -o - 140 = 4*o. List the prime factors of f(o).
409
Suppose 0 = j + 4*b - 54, 3*j - 7*j 